t of 3548?
5
What is the hundreds digit of 352?
3
What is the tens digit of 9659?
5
What is the tens digit of 892?
9
What is the thousands digit of 108644?
8
What is the hundreds digit of 65415?
4
What is the tens digit of 16060?
6
What is the units digit of 1398?
8
What is the thousands digit of 1561?
1
What is the units digit of 87?
7
What is the thousands digit of 27193?
7
What is the tens digit of 220?
2
What is the thousands digit of 6780?
6
What is the units digit of 8548?
8
What is the tens digit of 8586?
8
What is the hundreds digit of 2774?
7
What is the hundreds digit of 7362?
3
What is the tens digit of 4964?
6
What is the tens digit of 31003?
0
What is the units digit of 51784?
4
What is the tens digit of 5219?
1
What is the hundreds digit of 34200?
2
What is the tens digit of 3127?
2
What is the hundreds digit of 55395?
3
What is the units digit of 1485?
5
What is the tens digit of 828?
2
What is the hundreds digit of 1215?
2
What is the tens digit of 42992?
9
What is the tens digit of 129010?
1
What is the tens digit of 3837?
3
What is the ten thousands digit of 28938?
2
What is the hundreds digit of 15927?
9
What is the tens digit of 19991?
9
What is the hundreds digit of 3786?
7
What is the tens digit of 1897?
9
What is the tens digit of 40290?
9
What is the units digit of 84338?
8
What is the tens digit of 899?
9
What is the tens digit of 987?
8
What is the tens digit of 140711?
1
What is the units digit of 26510?
0
What is the hundreds digit of 75593?
5
What is the thousands digit of 16441?
6
What is the thousands digit of 8886?
8
What is the hundreds digit of 40145?
1
What is the hundreds digit of 16431?
4
What is the tens digit of 3384?
8
What is the hundreds digit of 1235?
2
What is the tens digit of 9109?
0
What is the units digit of 43871?
1
What is the units digit of 5998?
8
What is the units digit of 4819?
9
What is the tens digit of 820?
2
What is the tens digit of 11607?
0
What is the ten thousands digit of 47371?
4
What is the thousands digit of 1406?
1
What is the tens digit of 20364?
6
What is the thousands digit of 1331?
1
What is the tens digit of 24364?
6
What is the units digit of 87217?
7
What is the tens digit of 98158?
5
What is the units digit of 3357?
7
What is the units digit of 20999?
9
What is the tens digit of 21380?
8
What is the hundreds digit of 1063?
0
What is the units digit of 83676?
6
What is the thousands digit of 85158?
5
What is the hundreds digit of 791?
7
What is the thousands digit of 1420?
1
What is the units digit of 101977?
7
What is the tens digit of 2284?
8
What is the units digit of 689?
9
What is the hundreds digit of 618?
6
What is the hundreds digit of 21728?
7
What is the units digit of 8858?
8
What is the tens digit of 1209?
0
What is the hundreds digit of 59140?
1
What is the tens digit of 900?
0
What is the units digit of 10532?
2
What is the units digit of 72316?
6
What is the tens digit of 5332?
3
What is the thousands digit of 41991?
1
What is the tens digit of 7655?
5
What is the thousands digit of 3549?
3
What is the units digit of 13792?
2
What is the tens digit of 6377?
7
What is the units digit of 290?
0
What is the hundreds digit of 281?
2
What is the units digit of 501?
1
What is the tens digit of 1235?
3
What is the tens digit of 12562?
6
What is the ten thousands digit of 10417?
1
What is the tens digit of 9674?
7
What is the tens digit of 1773?
7
What is the tens digit of 3604?
0
What is the thousands digit of 71421?
1
What is the hundreds digit of 13545?
5
What is the hundreds digit of 1864?
8
What is the units digit of 1196?
6
What is the hundreds digit of 7894?
8
What is the units digit of 19767?
7
What is the hundreds digit of 1954?
9
What is the ten thousands digit of 29278?
2
What is the hundreds digit of 17012?
0
What is the hundreds digit of 609?
6
What is the thousands digit of 12996?
2
What is the tens digit of 40340?
4
What is the hundreds digit of 35381?
3
What is the tens digit of 39239?
3
What is the hundreds digit of 8154?
1
What is the hundreds digit of 10069?
0
What is the tens digit of 1634?
3
What is the hundreds digit of 4718?
7
What is the units digit of 2379?
9
What is the hundreds digit of 957?
9
What is the tens digit of 67498?
9
What is the thousands digit of 13084?
3
What is the thousands digit of 1118?
1
What is the tens digit of 126166?
6
What is the hundreds digit of 2004?
0
What is the ten thousands digit of 33621?
3
What is the ten thousands digit of 26936?
2
What is the thousands digit of 15447?
5
What is the hundreds digit of 14218?
2
What is the thousands digit of 49550?
9
What is the tens digit of 3409?
0
What is the hundreds digit of 1642?
6
What is the thousands digit of 3657?
3
What is the thousands digit of 5501?
5
What is the units digit of 31970?
0
What is the hundreds digit of 319?
3
What is the tens digit of 76?
7
What is the hundreds digit of 89456?
4
What is the thousands digit of 1170?
1
What is the hundreds digit of 18082?
0
What is the hundreds digit of 1682?
6
What is the tens digit of 5029?
2
What is the units digit of 49770?
0
What is the units digit of 497?
7
What is the tens digit of 392?
9
What is the hundreds digit of 34525?
5
What is the hundreds digit of 973?
9
What is the units digit of 10474?
4
What is the tens digit of 962?
6
What is the ten thousands digit of 20538?
2
What is the hundreds digit of 1342?
3
What is the tens digit of 80070?
7
What is the thousands digit of 16521?
6
What is the tens digit of 979?
7
What is the hundreds digit of 48406?
4
What is the hundreds digit of 1000?
0
What is the tens digit of 103?
0
What is the thousands digit of 1643?
1
What is the ten thousands digit of 36786?
3
What is the units digit of 8296?
6
What is the ten thousands digit of 83675?
8
What is the thousands digit of 18204?
8
What is the hundred thousands digit of 119075?
1
What is the units digit of 27566?
6
What is the tens digit of 3704?
0
What is the units digit of 3618?
8
What is the tens digit of 1768?
6
What is the hundreds digit of 4336?
3
What is the thousands digit of 1110?
1
What is the tens digit of 28090?
9
What is the tens digit of 6928?
2
What is the tens digit of 2659?
5
What is the units digit of 9975?
5
What is the units digit of 2319?
9
What is the units digit of 83458?
8
What is the hundreds digit of 535?
5
What is the tens digit of 470?
7
What is the units digit of 958?
8
What is the tens digit of 7920?
2
What is the thousands digit of 5795?
5
What is the units digit of 77112?
2
What is the hundreds digit of 66182?
1
What is the hundreds digit of 7059?
0
What is the tens digit of 48053?
5
What is the tens digit of 16797?
9
What is the units digit of 14422?
2
What is the hundreds digit of 5722?
7
What is the units digit of 57?
7
What is the tens digit of 826?
2
What is the tens digit of 3218?
1
What is the units digit of 2883?
3
What is the tens digit of 491?
9
What is the thousands digit of 1803?
1
What is the hundreds digit of 1154?
1
What is the hundreds digit of 4179?
1
What is the tens digit of 1916?
1
What is the ten thousands digit of 21000?
2
What is the tens digit of 297?
9
What is the thousands digit of 10134?
0
What is the hundreds digit of 920?
9
What is the tens digit of 18904?
0
What is the tens digit of 6247?
4
What is the tens digit of 1171?
7
What is the tens digit of 9892?
9
What is the units digit of 2543?
3
What is the hundreds digit of 13005?
0
What is the tens digit of 687?
8
What is the tens digit of 1466?
6
What is the units digit of 6791?
1
What is the hundreds digit of 42327?
3
What is the tens digit of 15732?
3
What is the units digit of 27430?
0
What is the tens digit of 23356?
5
What is the units digit of 674?
4
What is the thousands digit of 41987?
1
What is the ten thousands digit of 51249?
5
What is the hundreds digit of 42771?
7
What is the hundreds digit of 41962?
9
What is the tens digit of 6986?
8
What is the thousands digit of 4029?
4
What is the units digit of 2645?
5
What is the tens digit of 6034?
3
What is the thousands digit of 1214?
1
What is the units digit of 1347?
7
What is the units digit of 1142?
2
What is the thousands digit of 10361?
0
What is the units digit of 103059?
9
What is the hundreds digit of 1873?
8
What is the hundreds digit of